+ (1 - 6) + (0 - 7 - -7)?
-5
(-27 - (-5 + -28)) + -29
-23
20 + (27 - 11) + -17 - (2 - -7)
10
What is -75 + 67 - ((-11 - 3) + 3)?
3
What is the value of (3 - -13 - -4) + 12 + 11 + -21?
22
What is the value of -8 + (0 - 1) + 24 + -13 + 4?
6
24 + -2 + 3 - -13 - 11
27
Evaluate (-53 - -74) + (2 - 37).
-14
Calculate (3 - 4) + 3 + -12 + 4.
-6
Evaluate 8 + -2 - (-11 + -12 + (20 - -9)).
0
What is 8 - (8 + -4) - (-3 - -1)?
6
Evaluate 1 + (12 - (-2 + 4 + 4)).
7
What is the value of -11 + (7 - -1) + 7 + 1?
5
Evaluate 44 + -49 + 21 + -1 + 5.
20
Calculate 11 - -18 - 22 - (0 - 7).
14
Calculate (1 - 0 - 16) + (-12 - 8) + 25.
-10
(9 - 6) + 23 + -26
0
What is the value of 0 + (7 - (9 + -11 + -4))?
13
Evaluate -7 - (0 + 16 + -11).
-12
Calculate 27 + (-34 - -1) - -20.
14
Calculate 16 + -23 + -9 + 21.
5
What is the value of -11 + -2 + 32 + (0 - (3 - -2))?
14
What is -5 + (1 - -1 - ((11 - 6) + -9))?
1
What is (8 + 6 - 35) + 14?
-7
Evaluate -15 - (12 - 14) - -4.
-9
What is the value of 5 - 4 - 6 - -1 - (-4 - -2)?
-2
Calculate -9 + 2 - (75 - 80).
-2
Calculate 20 + (-35 - (-13 + 6)).
-8
Calculate 16 + (15 + -11 - 2 - 16).
2
Evaluate (3 + 6 + 3 - 7) + -4.
1
What is (-4783 - -4766) + -2 + -2 + 2?
-19
Calculate -9 + 1 - (-13 + -2 + 2 - 6).
11
What is the value of 333 - 353 - (-4 - -1)?
-17
What is the value of -48 - (-14 + 28 - 38)?
-24
Evaluate -36 - (-1 + -39) - (0 - -10).
-6
Evaluate -18 - (4 - 2) - (8 - (34 + -29)).
-23
Calculate -2 - 12 - (-92 - -87).
-9
What is -7 - -1 - (-19 + -7 + 6 + 4)?
10
What is the value of (-5 - -5) + -4 + (-3 - -13)?
6
Calculate (2 - 6) + -7 + -6 + 2 + 5.
-10
25 + -13 + (11 - 25) + 15
13
What is the value of -3 - (-1 + -19) - 3?
14
Calculate -44 + 43 + (1 - 3).
-3
Evaluate -2 + 2 - 7 - (-14 - -8).
-1
What is 9 + (-19 - -4) + 3 + -4 + 0?
-7
Calculate 2 - (25 - -5 - 8).
-20
Evaluate 152 + -145 + (1 - 8).
0
What is the value of 13 - ((22 - (31 - 17)) + -6)?
11
3 + (6 - -1) + 8 - (-3 - 1)
22
What is -26 + 27 + -58 + 52?
-5
What is (-10 - (1 + 0)) + (-4088 - -4094)?
-5
Calculate -10 - (31 - (-2 - -24)).
-19
What is the value of 8 + -26 + 36 + (-17 - -3) - 1?
3
What is -1 + 2 - 2 - ((-11 - 20) + 23)?
7
Calculate (3 - (-12 + 18)) + 17 + 14.
28
(5 - -50) + 23 + -30 - 20
28
Evaluate 8 + -2 + (1 - 3) + 0 + -30.
-26
What is -21 + (3 - 3) + 8?
-13
Calculate (18 - 3 - -4) + (318 - 346).
-9
What is -32 - -30 - 0 - (1 + -1)?
-2
Evaluate -11 - (6 + -24 + 14) - 5.
-12
What is (-2 - -5 - 1) + -1 - 2?
-1
-24 + -3 + (-9 - -48)
12
Evaluate 0 - (3 - (9 - 0 - (41 + -13))).
-22
Evaluate -13 + 0 + -2 + 7 - (15 - 8).
-15
Calculate (-31 - -32) + -3 + (-4 - -5).
-1
Evaluate -27 + (-14 - -57) + -42.
-26
Evaluate -20 + 9 + 9 + (10 - 4) + 1.
5
Evaluate -19 + 6 + -8 + 10 + -1 + 8.
-4
(-6 - -3 - -4 - 36) + 13
-22
What is -2 + 3 - -2 - (7 - (22 + -24))?
-6
What is 3 + (5 + (-1 - -1) - (6 + -7))?
9
What is the value of -4 + -9 + 10 + 2 - -10 - 14?
-5
Calculate (1 - -4) + (0 - 5) - (-5 - -12).
-7
70 + -20 - (0 + 26)
24
Calculate 4 - (-1 - -3 - -10).
-8
Calculate 1 + 5 + -2 - (10 - -3).
-9
Evaluate 6 + (-9 - (0 - 4) - -14).
15
Calculate (-32 - -14) + -4 + 33.
11
Evaluate (8 - (-3 - 1) - 26) + 0.
-14
-11 + 1 + (-3 + 35 - 15)
7
Evaluate -6 + 9 - 5 - (0 + -5 + -12).
15
Calculate 5 + (60 - 32) + -36.
-3
Calculate (25 - (4 + -2)) + 3 + 42 + -48.
20
What is (17 - (-18 - (-32 - -3))) + (1 - -8)?
15
What is 13 - ((6 + -8 - 2) + -1 + -2)?
20
-1 + -2 + (13 - (52 + -35))
-7
Calculate 41 + -37 - (5 - -7 - 7).
-1
Calculate 19 + (-2 - 12 - -6).
11
-10 + 3 + -1 + -7 + -1 - 9
-25
What is the value of -21 - 4 - -30 - (0 + 14)?
-9
What is 5 + 1 + (134 - 148) + -19?
-27
Calculate 30 + -57 + 9 + 16.
-2
Calculate 17 + -64 - -9 - -13 - (4 - -4).
-33
Evaluate 13 + (-13 - 8) + (2 - -9).
3
What is -11 - 0 - -1 - (4 + -5) - 2?
-11
Calculate 1 - ((4 - (13 + 6)) + 4 - 1).
13
-7 - ((-2 - (-1 + 1)) + (-47 - -30))
12
What is -6 + 122 + -124 + (0 - -2)?
-6
Evaluate -237 + 236 - (3 + -22).
18
What is -27 + 15 + 15 + -1?
2
-21 - (-22 - (8 - 13))
-4
25 + -4 + -1 - (-14 - -6)
28
Calculate (61 - 56) + -2 + -15 + (0 - -6).
-6
Evaluate -1 + 22 + -15 + -22 + -3.
-19
Evaluate (-8 + -10 - 0) + 13.
-5
Evaluate 23 + 9 + -18 + -20.
-6
Calculate 11 - ((-1 - (6 - 6)) + -7) - 0.
19
What is 26 - 0 - (-45 + (107 - 49))?
13
-56 + 28 - -3 - -19
-6
Calculate (-54 - -62) + 4 + -3 + -12.
-3
Evaluate 0 + -1 + -4 - (27 + (-55 - -19)).
4
(-6 + 5 - (-13 + -7 + 13)) + 5
11
What is the value of (-13 - ((2 - -6) + -6)) + 15?
0
Calculate (9 - 12 - -14) + (-1 + -2 - -3).
11
Calculate 26 + -11 + 6 + -11 + 35 + -13.
32
Evaluate (3 - (-19 - -12)) + -1.
9
What is the value of 7 + (-6 - (12 - -2 - 6))?
-7
3 - ((8 - 10) + 12) - (1 + -30)
22
-10 - ((-9 - (-4 - (4 - -2))) + 7)
-18
Calculate -24 + 19 - (-2 - ((-1 - 1) + 1)).
-4
Calculate 9 + (3 - 11) - (20 + 1).
-20
What is -1 + 0 + -9 + (1 - 0) + 24?
15
(28 - 22) + (0 - (0 + 0)) + -16
-10
Calculate -4 + 3 + 11 + -8 + 5.
7
Evaluate -10 + (-6 - -5) - (-15 + 14).
-10
Evaluate 10 - (-1 + 4) - (-9 + 15 + 0).
1
(15 - (-4 + -17)) + -17 - 6
13
(0 - 3 - (55 + -52)) + 1
-5
Calculate 1 + -1 + -1 + (6 - (19 - 18)).
4
Calculate 25 + (-10 - -2) + 19 + (3 - 13).
26
0 - ((8 + -15 - -5) + 10) - 8
-16
Evaluate (-74 - -37 - -20) + 26.
9
Evaluate (-8 - (-8 + (-6 - 4))) + 5.
15
What is the value of 2 + (-11 - -8 - -3)?
2
Evaluate -5 - (-6 - (-4 - -3 - 3)).
-3
What is the value of 31 + -52 + (51 - 42)?
-12
Evaluate -1805 + 1831 - (0 + 40).
-14
Evaluate -6 - (-2 + (0 - -7) + (-51 - -45)).
-5
Calculate -20 - -41 - (11 - 1).
11
What is the value of -14 - (-30 - (-15 - -17))?
18
What is the value of (3 - 26) + 10 - -9?
-4
Evaluate (9 - (1 - (10 + -7))) + -17.
-6
Evaluate -5 + (40 + -29 - 30).
-24
Evaluate 29 - (27 + 13) - 1.
-12
(-4 - (3 + -4 + -17)) + (1 - -3)
18
Calculate -15 - -5 - (-12 + (2 - 4)).
4
Calculate -172 + 171 + (-1 - (-13 - 0)).
11
What is the value of -6 + 8 - (18 + 1 - (-28 - -33))?
-12
Calculate 4 + 0 + 1 + -17 - (-8 + 2).
-6
What is 0 - -11 - (83 + (4 - 52))?
-24
(9 - 7) + (3 - -10)
15
5 + (1 - (7 - 4) - 2)
1
Calculate 3 + 10 + (7 - 26).
-6
What is 14 + (-6 - (5 + -6)) + (-10 - 1)?
-2
3 - (8 - -15) - -9
-11
Evaluate (4 - ((-4 - -8) + 3)) + 18 + 0.
15
Evaluate 18 + (-17 - -20 - (-1 - 16)).
38
What is 7 - (5 + (-2 - (-3 - 0)))?
1
What is the value of -9 - (5 + -12 + -3 + -11)?
12
What is the value of -28 + (14 - 5) + 8?
-11
Evaluate 2 + (2 - 3) + 20 + -7 + 4.
18
Calculate 0 + -8 + 48 + (-10 - 22).
8
Calculate 13 - -5 - (19 - -7).
-8
What is 6 + (-7 + 14 - 11 - 7)?
-5
What is 10 + -6 + (-1 - -5)?
8
Evaluate -1 + -16 - (26 - (-53 - -98)).
2
Calculate 5 + -36 + (19 - 1).
-13
What is the value of -4 + (17 - 16) + 21?
18
Evaluate (-24 - -19 - (-3 - -1)) + 11 + -8.
0
Calculate 12 + (53 - 22) + -19.
24
-14 + -13 + (21 - 2) + -12 + 2
-18
What is the value of -29 - (24 - 54) - (-11 + 2 + -2)?
12
-2 + -3 + 9 + (-75 - -59)
-12
(21 - (2 + 38)) + (10 - 1)
-10
What is (1 - -6) + -8 + (-2 + 3 - 2)?
-2
Evaluate (8 - 13 - -8 - -4) + -7.
0
What is -4 - (0 - ((8 - 10) + -4))?
-10
What is the value of (-86 - -99) + -7 + 3 + 1 + -3?
7
1 + 4 + (-14 - -7) + 6
4
What is 10 + 10 + -15 + 9?
14
(-1 - (-7 + 7 + 1)) + 7
5
What is the value of 17 - 19 - 11 - (-11 + 5)?
-7
What is (18 - 0 - 2) + -785 + 774?
5
What is the value of (-1 + 4 - 4) + -49 + 29?
-21
What is 14 + -29 + (37 - 15)?
7
Calculate -4 + 13 - (-25 - (-23 - 15)).
-4
Evaluate -21 + (23 - (20 - 1)).
-17
Evaluate (-4 - -9) + -7 + 8 - (-2 + 7).
1
What is -88 + 98 - (2 - -1)?
7
What is 14 + (3 - -2) + (-11 - 2) + 9?
15
Calculate (21 - 7 - (57 - 30)) + 0 + -4.
-17
(-5 + (-7 - -14) - 6) + -5
-9
Calculate 2 - (-6 - -15) - (-16 - -17).
-8
What is the value of 16 + 21 + -19 - -4?
22
What is the value of (7 - 3) + (-25 - -22) + 0?
1
(14 + 0 - 5) + -13
-4
Evaluate 2 + 0 - ((14 - -37) + -31).
-18
-7 + -9 - (-28 - -1)
11
What is the value of -5 + 7 + -2 - 7 - -7?
0
Evaluate (-4 - -7) + 3 - 11 - (-21 - -23).
-7
(-4 - (-5 + -1)) + -12 + (16 - 0)
6
Evaluate -190 + 174 - (-9 - -1).
-8
What is the value of -6 - (14 - 6) - -12?
-2
What is the value of -1 + 5 + (-670 - -675)?
9
What is (-1 - 40 - (-198 + 186)) + 15?
-14
Evaluate -2 + (6 - 13) + (-4 - -13).
0
What is -8 + (-17 - (-12 - 0)) + 13?
0
Calculate -14 - -1 - (27 - 50 - -25).
-15
-4 + (-121 - -122 - (-4 - -1))
0
What is the val